{"id":2802,"date":"2023-12-10T09:08:52","date_gmt":"2023-12-10T08:08:52","guid":{"rendered":"https:\/\/ledetourtherapie.com\/?page_id=2802"},"modified":"2026-02-21T15:24:23","modified_gmt":"2026-02-21T14:24:23","slug":"particuliersok","status":"publish","type":"page","link":"https:\/\/ledetour-therapie.com\/index.php\/particuliersok\/","title":{"rendered":"Particuliers"},"content":{"rendered":"\n<div class=\"wp-block-uagb-container uagb-block-90vhtadt alignfull uagb-is-root-container\"><div class=\"uagb-container-inner-blocks-wrap\">\n<h5 class=\"wp-block-heading has-text-align-center has-ast-global-color-3-color has-text-color has-link-color wp-elements-af1d354c55b031f7aa324231b1cd9f78\">La th\u00e9rapie est un espace pour se rencontrer \u00e0 l\u2019occasion de l\u2019autre. <br>Je vous accueille en th\u00e9rapie individuelle, en couple et anime un groupe de th\u00e9rapie mensuel.<\/h5>\n\n\n\n<div class=\"wp-block-uagb-container uagb-block-drtl3dlp\">\n<div class=\"wp-block-uagb-container uagb-block-yktjwkqv\">\n<div class=\"wp-block-uagb-info-box uagb-block-wuasudow uagb-infobox__content-wrap  uagb-infobox-icon-above-title uagb-infobox-image-valign-top\"><div class=\"uagb-ifb-content\"><div class=\"uagb-ifb-title-wrap\"><h3 class=\"uagb-ifb-title\"><strong>Th\u00e9rapie individuelle<\/strong><\/h3><\/div><p class=\"uagb-ifb-desc\"><strong>Comment se d\u00e9roule une s\u00e9ance ?<\/strong><br>Une s\u00e9ance se d\u00e9roule en face \u00e0 face, dans mon cabinet. <br>Nous prenons un premier rendez-vous pour clarifier votre demande et vos besoins.&nbsp;<br>Je vous expliquerai comment je travaille et le cadre de l\u2019accompagnement.&nbsp;<br><strong>Une s\u00e9ance individuelle dure 50 minutes. Le tarif est de 7<\/strong><strong>0 euros.<\/strong><br><br><strong>Pour quelles raisons consulter ? (en pr\u00e9sentiel ou en ligne)<\/strong><br>La th\u00e9rapie individuelle invite \u00e0 se rencontrer \u00e0 l\u2019occasion d\u2019un autre, ouvre un espace privil\u00e9gi\u00e9 et s\u00e9curisant, pour exprimer ses difficult\u00e9s ou son mal-\u00eatre, en se sentant compris et soutenu.&nbsp;<br><br>De nombreuses raisons peuvent \u00eatre \u00e0 l\u2019origine de cette demande :&nbsp;<br><\/p><\/div><\/div>\n\n\n\n<ul style=\"padding-top:0;padding-right:var(--wp--preset--spacing--50);padding-bottom:0;padding-left:var(--wp--preset--spacing--50)\" class=\"wp-block-list\">\n<li>le stress, l\u2019anxi\u00e9t\u00e9, l\u2019angoisse&nbsp;<\/li>\n\n\n\n<li>des probl\u00e8mes relationnels (dans la famille, dans le couple, au travail)<\/li>\n\n\n\n<li>une maladie, ou celle d\u2019un proche<\/li>\n\n\n\n<li>un manque de confiance en soi<\/li>\n\n\n\n<li>un rapport complexe avec son corps, sa sexualit\u00e9&nbsp;<\/li>\n\n\n\n<li>un choc \u00e9motionnel, des syndromes post-traumatiques&nbsp;<\/li>\n\n\n\n<li>une d\u00e9pression en lien avec la parentalit\u00e9, post-partum, burn out parental<\/li>\n\n\n\n<li>une s\u00e9paration, un divorce, un deuil<\/li>\n\n\n\n<li>une difficult\u00e9 \u00e0 choisir<\/li>\n\n\n\n<li>une difficult\u00e9 \u00e0 dormir, \u00e0 se concentrer, \u00e0 \u00eatre calme<\/li>\n\n\n\n<li>des probl\u00e8mes d\u2019addiction, des troubles de l\u2019alimentation<\/li>\n\n\n\n<li>un besoin de retrouver du sens dans sa vie<\/li>\n\n\n\n<li>un besoin d\u2019explorer la question de l\u2019identit\u00e9, du genre<\/li>\n\n\n\n<li>un blocage pour cr\u00e9er, pour avancer&nbsp;<\/li>\n\n\n\n<li>une volont\u00e9 de mieux se conna\u00eetre, mieux se comprendre et s\u2019accepter<\/li>\n\n\n\n<li>un besoin de se recentrer, de prendre soin de soi\u2026<\/li>\n<\/ul>\n<\/div>\n<\/div>\n<\/div><\/div>\n\n\n\n<div class=\"wp-block-uagb-separator uagb-block-93431c47\"><div class=\"wp-block-uagb-separator__inner\" style=\"--my-background-image:\"><\/div><\/div>\n\n\n\n<div class=\"wp-block-uagb-container uagb-block-d09deb76 alignfull uagb-is-root-container\"><div class=\"uagb-container-inner-blocks-wrap\">\n<div class=\"wp-block-uagb-container uagb-block-f34288d7\"><\/div>\n\n\n\n<div class=\"wp-block-uagb-container uagb-block-4f2657e3\">\n<div class=\"wp-block-uagb-info-box uagb-block-9289796a uagb-infobox__content-wrap  uagb-infobox-icon-above-title uagb-infobox-image-valign-top\"><div class=\"uagb-ifb-content\"><div class=\"uagb-ifb-title-wrap\"><h3 class=\"uagb-ifb-title\"><strong>Th\u00e9rapie <\/strong>de couple<\/h3><\/div><p class=\"uagb-ifb-desc\"><br><strong>Comment se d\u00e9roule une s\u00e9ance ?<\/strong><br>Une s\u00e9ance se d\u00e9roule en face \u00e0 face, dans mon cabinet.<br>Nous prenons un premier rendez-vous pour clarifier vos demandes.&nbsp;<br>Le rythme des s\u00e9ances peut \u00eatre une fois tous les quinze jours ou une fois toutes les trois semaines.<br><strong>Une s\u00e9ance de th\u00e9rapie de couple dure 1h30. Le tarif est de 140 euros.<\/strong><br><br><strong>Pour quelles raisons consulter ?<\/strong><br>La th\u00e9rapie de couple est une occasion pour avancer \u00e0 deux, gr\u00e2ce \u00e0 l\u2019accompagnement d\u2019un tiers.<br><br>Les couples viennent en th\u00e9rapie :<\/p><\/div><\/div>\n\n\n\n<ul class=\"wp-block-list\">\n<li>pour redonner un souffle \u00e0 leur histoire<\/li>\n\n\n\n<li>am\u00e9liorer leur communication<\/li>\n\n\n\n<li>d\u00e9poser des conflits <\/li>\n\n\n\n<li>d\u00e9nouer des probl\u00e8mes de sexualit\u00e9, tabous et blocage<\/li>\n\n\n\n<li>\u00eatre soutenu dans des situations complexes en lien avec la parentalit\u00e9, parcours PMA, difficult\u00e9s \u00e0 avoir des enfants<\/li>\n\n\n\n<li>retrouver une dynamique positive, de la joie, des projets \u00e0 deux<\/li>\n\n\n\n<li>vivre au mieux une s\u00e9paration<\/li>\n\n\n\n<li>remettre du lien et du sens l\u00e0 o\u00f9 il n\u2019y en a plus<\/li>\n\n\n\n<li>se r\u00e9accorder\u2026&nbsp;<\/li>\n<\/ul>\n<\/div>\n<\/div><\/div>\n\n\n\n<div class=\"wp-block-uagb-separator uagb-block-26cff577\"><div class=\"wp-block-uagb-separator__inner\" style=\"--my-background-image:\"><\/div><\/div>\n\n\n\n<div class=\"wp-block-uagb-container uagb-block-499e6ae9 alignfull uagb-is-root-container\"><div class=\"uagb-container-inner-blocks-wrap\">\n<div class=\"wp-block-uagb-container uagb-block-7b02f8d0\">\n<div class=\"wp-block-uagb-container uagb-block-2946e19d\">\n<div class=\"wp-block-uagb-info-box uagb-block-f69b0811 uagb-infobox__content-wrap  uagb-infobox-icon-above-title uagb-infobox-image-valign-top\"><div class=\"uagb-ifb-content\"><div class=\"uagb-ifb-title-wrap\"><h3 class=\"uagb-ifb-title\"><strong><strong>Th\u00e9rapie <\/strong><\/strong>de groupe<\/h3><\/div><p class=\"uagb-ifb-desc\"><br><strong>S\u2019appara\u00eetre \u00e0 l\u2019occasion des autres&nbsp;<\/strong><br><br>La th\u00e9rapie de groupe est un espace de rencontre permettant de prendre conscience de nos fonctionnements psychiques et relationnels, de nos mani\u00e8res d\u2019\u00eatre en contact avec soi et les autres. Elle ouvre l\u2019occasion d\u2019explorer la question de notre place dans un groupe, l\u2019opportunit\u00e9 de mieux se comprendre et souvent de se sentir moins seul.e. en explorant ses r\u00e9sonnances avec les trajectoires des autres membres.&nbsp;<br><br><strong>La th\u00e9rapie a lieu un samedi par mois de 10h \u00e0 18h. Le tarif de chaque journ\u00e9e est de 180\u20ac.<\/strong><br>Le groupe est ouvert et n\u00e9cessite un engagement d\u2019au moins quatre s\u00e9ances cons\u00e9cutives.<br><br><\/p><div class=\"uagb-ifb-button-wrapper wp-block-button\"><a href=\"https:\/\/ledetour-therapie.com\/index.php\/contact\/\" class=\"uagb-infobox-cta-link wp-block-button__link\" target=\"_blank\" rel=\"noopener noreferrer\" onclick=\"return true;\" alt=\"\"><span class=\"uagb-inline-editing\">S&rsquo;inscrire en th\u00e9rapie de groupe<\/span><\/a><\/div><\/div><\/div>\n<\/div>\n<\/div>\n<\/div><\/div>\n\n\n\n<div class=\"wp-block-uagb-separator uagb-block-31c8366e\"><div class=\"wp-block-uagb-separator__inner\" style=\"--my-background-image:\"><\/div><\/div>\n\n\n\n<div class=\"wp-block-uagb-container uagb-block-632a940e alignfull uagb-is-root-container\"><div class=\"uagb-container-inner-blocks-wrap\">\n<div class=\"wp-block-uagb-container uagb-block-62e0c5ca\"><\/div>\n\n\n\n<div class=\"wp-block-uagb-container uagb-block-fa09678b\">\n<div class=\"wp-block-uagb-info-box uagb-block-60a49131 uagb-infobox__content-wrap  uagb-infobox-icon-above-title uagb-infobox-image-valign-top\"><div class=\"uagb-ifb-content\"><div class=\"uagb-ifb-title-wrap\"><h3 class=\"uagb-ifb-title\"><strong>Accompagnements <\/strong>cr\u00e9atifs<br><\/h3><\/div><\/div><\/div>\n\n\n\n<div class=\"wp-block-columns is-layout-flex wp-container-core-columns-is-layout-9a01b68c wp-block-columns-is-layout-flex\">\n<div class=\"wp-block-column is-layout-flow wp-block-column-is-layout-flow\">\n<div class=\"wp-block-uagb-info-box uagb-block-38cc1c1c uagb-infobox__content-wrap  uagb-infobox-icon-above-title uagb-infobox-image-valign-top\"><div class=\"uagb-ifb-content\"><div class=\"uagb-ifb-title-wrap\"><h5 class=\"uagb-ifb-title\"><strong>Consultation sensible<\/strong><\/h5><\/div><p class=\"uagb-ifb-desc\">Apr\u00e8s une s\u00e9ance d\u2019une heure,&nbsp; je vous partage une \u0153uvre (po\u00e9sie, dessin, texte, photographie\u2026) qui aide \u00e0 assimiler l\u2019\u00e9change. Ce format inspir\u00e9 de l\u2019art-th\u00e9rapie a pour objectif d\u2019apporter au client un regard sur soi sensible et un soutien th\u00e9rapeutique gr\u00e2ce au m\u00e9dium cr\u00e9atif.<\/p><\/div><\/div>\n<\/div>\n\n\n\n<div class=\"wp-block-column is-layout-flow wp-block-column-is-layout-flow\">\n<div class=\"wp-block-uagb-info-box uagb-block-e2de4435 uagb-infobox__content-wrap  uagb-infobox-icon-above-title uagb-infobox-image-valign-top\"><div class=\"uagb-ifb-content\"><div class=\"uagb-ifb-title-wrap\"><h5 class=\"uagb-ifb-title\"><strong>Portrait nouveau regard<\/strong><\/h5><\/div><p class=\"uagb-ifb-desc\">  Cet accompagnement consiste \u00e0 partager cinq s\u00e9ances \u00e0 la suite desquelles le client re\u00e7oit son portrait litt\u00e9raire. En devenant le personnage principal du r\u00e9cit, ce format aide \u00e0 la r\u00e9habilitation de l\u2019estime de soi, \u00e0 la mise en forme d\u2019une image de soi dans le regard de l\u2019autre et peut aider \u00e0 l\u2019acceptation ou la clarification d\u2019une qu\u00eate identitaire.&nbsp;<\/p><\/div><\/div>\n<\/div>\n<\/div>\n\n\n\n<div class=\"wp-block-columns is-layout-flex wp-container-core-columns-is-layout-6b018d93 wp-block-columns-is-layout-flex\" style=\"margin-top:var(--wp--preset--spacing--30);margin-bottom:var(--wp--preset--spacing--30)\">\n<div class=\"wp-block-column is-layout-flow wp-block-column-is-layout-flow\">\n<div class=\"wp-block-uagb-info-box uagb-block-c31d381e uagb-infobox__content-wrap  uagb-infobox-icon-above-title uagb-infobox-image-valign-top\"><div class=\"uagb-ifb-content\"><div class=\"uagb-ifb-title-wrap\"><h5 class=\"uagb-ifb-title\"><strong><strong>Atelier Image de soi<\/strong><\/strong><\/h5><\/div><p class=\"uagb-ifb-desc\">En collaboration avec <a href=\"https:\/\/www.morganelombard.com\/\" target=\"_blank\" rel=\"noreferrer noopener\">Morgane Lombard<\/a>, phototh\u00e9rapeute, nous organisons des ateliers sur l\u2019image de soi. Aborder la question de l&rsquo;image qu&rsquo;on a de soi et de celle renvoy\u00e9e \u00e0 l&rsquo;autre est souvent synonyme de peurs, de tabous. En s\u2019appuyant sur diff\u00e9rentes exp\u00e9rimentations, l\u2019atelier invite \u00e0 explorer d\u2019autres fa\u00e7ons de se regarder.&nbsp;<\/p><\/div><\/div>\n<\/div>\n\n\n\n<div class=\"wp-block-column is-layout-flow wp-block-column-is-layout-flow\">\n<div class=\"wp-block-uagb-info-box uagb-block-9cb201e1 uagb-infobox__content-wrap  uagb-infobox-icon-above-title uagb-infobox-image-valign-top\"><div class=\"uagb-ifb-content\"><div class=\"uagb-ifb-title-wrap\"><h5 class=\"uagb-ifb-title\"><strong><strong>Atelier R\u00e9cits familiaux<\/strong><\/strong><\/h5><\/div><p class=\"uagb-ifb-desc\">  Cet atelier am\u00e8ne les participants \u00e0 explorer leur histoire familiale \u00e0 partir de modalit\u00e9s cr\u00e9atives telles que la photographie ou l\u2019\u00e9criture. Il a pour ambition de proposer un travail th\u00e9rapeutique sur le lien, la filiation, la finitude et l\u2019identit\u00e9.<\/p><\/div><\/div>\n\n\n\n<div class=\"wp-block-buttons is-content-justification-center is-layout-flex wp-container-core-buttons-is-layout-a89b3969 wp-block-buttons-is-layout-flex\">\n<div class=\"wp-block-button\"><a class=\"wp-block-button__link wp-element-button\" href=\"https:\/\/ledetour-therapie.com\/index.php\/2024\/03\/11\/bonjour-tout-le-monde\/\" target=\"_blank\" rel=\"noreferrer noopener\">S&rsquo;inscrire au prochain atelier<\/a><\/div>\n<\/div>\n<\/div>\n<\/div>\n<\/div>\n<\/div><\/div>\n","protected":false},"excerpt":{"rendered":"<p>La th\u00e9rapie est un espace pour se rencontrer \u00e0 l\u2019occasion de l\u2019autre. Je vous accueille en th\u00e9rapie individuelle, en couple et anime un groupe de th\u00e9rapie mensuel.<\/p>\n","protected":false},"author":1,"featured_media":0,"parent":0,"menu_order":0,"comment_status":"closed","ping_status":"closed","template":"","meta":{"_uag_custom_page_level_css":"","site-sidebar-layout":"default","site-content-layout":"","ast-site-content-layout":"default","site-content-style":"default","site-sidebar-style":"default","ast-global-header-display":"","ast-banner-title-visibility":"","ast-main-header-display":"","ast-hfb-above-header-display":"","ast-hfb-below-header-display":"","ast-hfb-mobile-header-display":"","site-post-title":"","ast-breadcrumbs-content":"","ast-featured-img":"","footer-sml-layout":"","theme-transparent-header-meta":"","adv-header-id-meta":"","stick-header-meta":"","header-above-stick-meta":"","header-main-stick-meta":"","header-below-stick-meta":"","astra-migrate-meta-layouts":"set","ast-page-background-enabled":"default","ast-page-background-meta":{"desktop":{"background-color":"var(--ast-global-color-4)","background-image":"","background-repeat":"repeat","background-position":"center center","background-size":"auto","background-attachment":"scroll","background-type":"","background-media":"","overlay-type":"","overlay-color":"","overlay-gradient":""},"tablet":{"background-color":"","background-image":"","background-repeat":"repeat","background-position":"center center","background-size":"auto","background-attachment":"scroll","background-type":"","background-media":"","overlay-type":"","overlay-color":"","overlay-gradient":""},"mobile":{"background-color":"","background-image":"","background-repeat":"repeat","background-position":"center center","background-size":"auto","background-attachment":"scroll","background-type":"","background-media":"","overlay-type":"","overlay-color":"","overlay-gradient":""}},"ast-content-background-meta":{"desktop":{"background-color":"var(--ast-global-color-5)","background-image":"","background-repeat":"repeat","background-position":"center center","background-size":"auto","background-attachment":"scroll","background-type":"","background-media":"","overlay-type":"","overlay-color":"","overlay-gradient":""},"tablet":{"background-color":"var(--ast-global-color-5)","background-image":"","background-repeat":"repeat","background-position":"center center","background-size":"auto","background-attachment":"scroll","background-type":"","background-media":"","overlay-type":"","overlay-color":"","overlay-gradient":""},"mobile":{"background-color":"var(--ast-global-color-5)","background-image":"","background-repeat":"repeat","background-position":"center center","background-size":"auto","background-attachment":"scroll","background-type":"","background-media":"","overlay-type":"","overlay-color":"","overlay-gradient":""}},"footnotes":""},"class_list":["post-2802","page","type-page","status-publish","hentry"],"uagb_featured_image_src":{"full":false,"thumbnail":false,"medium":false,"medium_large":false,"large":false,"1536x1536":false,"2048x2048":false},"uagb_author_info":{"display_name":"Alexandra","author_link":"https:\/\/ledetour-therapie.com\/index.php\/author\/admin3915\/"},"uagb_comment_info":0,"uagb_excerpt":"La th\u00e9rapie est un espace pour se rencontrer \u00e0 l\u2019occasion de l\u2019autre. Je vous accueille en th\u00e9rapie individuelle, en couple et anime un groupe de th\u00e9rapie mensuel.","_links":{"self":[{"href":"https:\/\/ledetour-therapie.com\/index.php\/wp-json\/wp\/v2\/pages\/2802","targetHints":{"allow":["GET"]}}],"collection":[{"href":"https:\/\/ledetour-therapie.com\/index.php\/wp-json\/wp\/v2\/pages"}],"about":[{"href":"https:\/\/ledetour-therapie.com\/index.php\/wp-json\/wp\/v2\/types\/page"}],"author":[{"embeddable":true,"href":"https:\/\/ledetour-therapie.com\/index.php\/wp-json\/wp\/v2\/users\/1"}],"replies":[{"embeddable":true,"href":"https:\/\/ledetour-therapie.com\/index.php\/wp-json\/wp\/v2\/comments?post=2802"}],"version-history":[{"count":86,"href":"https:\/\/ledetour-therapie.com\/index.php\/wp-json\/wp\/v2\/pages\/2802\/revisions"}],"predecessor-version":[{"id":3945,"href":"https:\/\/ledetour-therapie.com\/index.php\/wp-json\/wp\/v2\/pages\/2802\/revisions\/3945"}],"wp:attachment":[{"href":"https:\/\/ledetour-therapie.com\/index.php\/wp-json\/wp\/v2\/media?parent=2802"}],"curies":[{"name":"wp","href":"https:\/\/api.w.org\/{rel}","templated":true}]}}